 - t. What is the hundreds digit of b?
3
Suppose -10*v + 43982 + 4198 = 0. Suppose -5*g = -16*g + v. What is the tens digit of g?
3
Suppose o = -0*o + 2, -31713 = -3*s + 3*o. What is the ten thousands digit of s?
1
What is the tens digit of 12686 - 78*(-3)/(-18)?
7
Let f(i) = 210*i - 107. Let q be f(9). Let w = q + -528. What is the hundreds digit of w?
2
Suppose -3*w = 4*t - 29540, -7347 = 497*t - 498*t + 4*w. What is the tens digit of t?
7
Let n be (-2215)/25 - 0 - (-6)/(-15). Let f = 109 + n. What is the hundreds digit of (-2)/(f/25)*1098/(-15)?
1
Let v(j) = -12*j**2 - 34*j - 290. Let z(b) = -10*b**2 - 27*b - 289. Let r(o) = 4*v(o) - 5*z(o). Suppose -s - s = 0. What is the units digit of r(s)?
5
Suppose 3*p + 0*p = 5*p - 3178. What is the hundreds digit of p?
5
Let r be 1/(-3)*-6 + 4. Suppose 2*g = -2*z + r, 4*z - 2*z + 14 = 3*g. Suppose g*s = -3*t + 247, 6*s - 241 = 2*s + 3*t. What is the tens digit of s?
6
Let r(l) = 421*l - 22. Let n(i) = i + 1. Let c(w) = -2*n(w) + r(w). What is the tens digit of c(2)?
1
Suppose -47665*q = -47674*q + 253620. What is the tens digit of q?
8
Suppose -m = -7*m + 12. Let i be ((-2)/m - -2)/((-1)/(-46)). Let l = 136 - i. What is the units digit of l?
0
Let h = 834 + -838. What is the units digit of (-1190)/(h - (-1 - 1))?
5
Suppose -4*z - 15361 = -7*z + 5*f, -20520 = -4*z - 3*f. What is the hundreds digit of z?
1
Suppose -52*l + 55*l - 88241 = -2*w, 2*w = -l + 29415. What is the hundreds digit of l?
4
Suppose -28836 = 25*w - 79*w. Suppose -2*d - 4*j + 1322 = 0, -121 = -d - 4*j + w. What is the hundreds digit of d?
6
Let b(m) = 69 - 2*m + 6*m + 3*m**2 - 59 + 60 - 5*m. Let k = 7 + 1. What is the hundreds digit of b(k)?
2
Suppose -2*t = 5*p - 136498, -t - 326*p + 68277 = -327*p. What is the units digit of t?
9
Let p(i) = -35*i + 3. Let v be p(-12). Suppose v = 6*z - 57. Suppose -g - g - z = -3*c, 3*c - 82 = g. What is the units digit of c?
8
Suppose 5*z - 61950 = 5*u + 73190, -54081 = -2*z - 3*u. What is the units digit of z?
3
Suppose 0*u - 2*n = 5*u, 0 = 3*u + 5*n. Suppose 16*c - 6686 - 8258 = u. What is the tens digit of c?
3
Suppose 67043 = -326*q + 519937 + 34150. What is the hundreds digit of q?
4
Suppose -56*d + 44*d = -64380. What is the units digit of d?
5
Let n(r) = -r**3 - 9*r**2 - 3*r + 23. Let y be n(-9). Let z = 1757 - y. What is the thousands digit of z?
1
Let w(c) = c - 96 + 63*c**2 - 88 + 180. What is the hundreds digit of w(-2)?
2
Let y(u) = -730*u**3 - 2*u**2 - u + 1. Suppose 0 = -135*h + 140*h + 5. What is the hundreds digit of y(h)?
7
Suppose -10*u + 6*u = 196. Let y = u - -51. Suppose 4*m = -y*t + 182, -164 = -2*t + 3*m + 4. What is the units digit of t?
7
Suppose 0 = -3*x - 2*v + 41364, -5*x - 24*v + 68940 = -26*v. What is the thousands digit of x?
3
Suppose -5*w + 4*t = -114286, 8*w - 3*t = 9*w - 22842. What is the tens digit of w?
5
Suppose -2*r = -4*o - 98, 0 = -2*r - 2*r + o + 168. Let s = r + -48. What is the tens digit of 1/((4 + s)/(-177))?
5
What is the units digit of (21/4)/(1/((-329296)/(-66)))?
4
Let q be ((-3)/((-27)/(-42)))/((-4)/6). Let s(g) = -5*g**2 + q*g + 9 - 31 - g**3 + 9. What is the tens digit of s(-7)?
3
Suppose 4*o = h + 380313, 10*o - 8*o - 4*h - 190132 = 0. What is the tens digit of o?
8
Suppose -971 - 3027 + 84500 = 6*l. What is the hundreds digit of l?
4
What is the hundreds digit of (-3 - (-1)/2*(-231658)/21)*-3?
5
Suppose 42304 + 19248 = 8*h. What is the units digit of h?
4
Suppose 3*l + 29 + 100 = 0. Let w = -39 - l. Suppose 4*a = -5*q + 81 + 86, w*q + 4*a = 132. What is the units digit of q?
5
Let m(p) = 4*p + 130. Let d be m(-5). Let h = d + 173. What is the hundreds digit of h?
2
Let c = 338 + 148. Let h = c - 347. What is the tens digit of h?
3
Let v(k) = -58*k**2 - 17*k + 104. Let r(g) = -20*g**2 - 5*g + 35. Let a(z) = 17*r(z) - 6*v(z). What is the units digit of a(9)?
2
Let u = -28 - -60. Let h(x) = -u + 10*x**2 - 3*x + 9*x**2 - 16*x**2. What is the units digit of h(8)?
6
Let z be 313 + (-4)/(-1) + -1. Suppose -5*q + 5*h - 815 = 0, 2*q + z = -0*q + 4*h. Let o = 260 + q. What is the tens digit of o?
9
Let y be -5 - (-9678 + -1 + (-12)/(-6)). Suppose 43*u - y = 30*u. What is the tens digit of u?
4
Let x = 29 + -3. Suppose -24*q + x*q = 168. Suppose q*d = 89*d - 465. What is the tens digit of d?
9
Let w(y) = -28*y**2 + 6*y - 5. Let b(j) = -j**2. Let p(f) = 3*b(f) - w(f). Let m = 2683 + -2681. What is the units digit of p(m)?
3
Let o(c) = 6*c - 207 + c**2 + 7*c + 190. Suppose v - 5*v - 50 = 2*k, 48 = -4*k + 5*v. What is the tens digit of o(k)?
5
Let q = 36 + -16. Let p(y) = y - 35. Let w(z) = 21*z - 360. Let d(u) = -9*p(u) + w(u). What is the hundreds digit of d(q)?
1
What is the ten thousands digit of 25766877/1659 + (-4)/7?
1
Let s be ((-162)/(-15))/((-3)/(-530)). Suppose -39*g = -45*g + s. What is the units digit of g?
8
Let a(l) = 31*l**3 + 26*l**2 + 63*l - 39. What is the hundreds digit of a(7)?
3
Let c = -35823 - -56916. What is the tens digit of c?
9
Let a = -12753 + 26727. What is the hundreds digit of a?
9
Let g(w) = 3*w - 28. Let x be g(10). What is the units digit of 305 - ((-58)/(-18) - x/9)?
2
Let j(t) = 120*t**3 - t**2 - 2*t + 3. Let u be j(2). Suppose 122*n - u = 117*n. What is the units digit of n?
1
Let a be 1*8/(8/3). Suppose -10*t + 5*t = 2*n - 15, 5 = -2*t - a*n. Suppose 0 = 5*u - 2*k - 1233, t*k + 498 = 2*u + 3*k. What is the units digit of u?
5
Let i(t) = 233*t**2 - 50*t - 311. What is the hundreds digit of i(-6)?
3
Suppose 2*n + w + 11 = 0, -5*n + 0*w = 4*w + 26. Let s(v) = -13*v + 16. Let k(p) = -7*p + 8. Let z(q) = -11*k(q) + 6*s(q). What is the tens digit of z(n)?
1
Suppose -4*m + 21 = 5*t - 0*m, -22 = -5*t - 3*m. Suppose -7*u = -t*u - 870. What is the hundreds digit of u?
4
Suppose d - i - 14245 = 2*i, d + i - 14257 = 0. Suppose -26*o = -d - 18012. What is the tens digit of o?
4
What is the thousands digit of (1 - (-9)/(-21))/((-282)/(-1935507))?
3
Let y = -2640 + 5674. Let g be -2 + (-24)/(-15) + y/10. Suppose l = -2*a + 309, -2*a - l = -2*l - g. What is the units digit of a?
3
Let s be (-8)/10 - (-17120)/25. Let h = s + -398. Let o = h - 152. What is the tens digit of o?
3
Let j = -7131 - -12134. What is the thousands digit of j?
5
Suppose -4*l + 372 = -2*f, 3*l + 3*f + f = 279. Let r = l + 168. What is the tens digit of r?
6
Let w(l) = 82*l**2 + 153*l - 2372. What is the hundreds digit of w(31)?
1
Suppose 4*y + 273*r = 271*r + 8912, -12 = -3*r. What is the units digit of y?
6
Let t be -5 - ((-419 - 2) + 0). Let d = 1191 - t. Suppose 4*h = 5*i - 760, -h - d = -0*i - 5*i. What is the hundreds digit of i?
1
Suppose 35*o = -3*o - 14402. Let p = o - -624. What is the units digit of p?
5
Let l = -187 + 104. Let x = l + 276. What is the tens digit of x?
9
Let p(u) = 7*u - 1. Let m(y) = -y - 1. Let b(x) = -3*m(x) - p(x). Suppose 0 = 3*d - 2*d + 2*r + 6, -21 = 4*d + 5*r. What is the tens digit of b(d)?
2
Let y = 214 - 114. Let m = 317 - y. What is the units digit of m?
7
Let q be ((-32)/(-12) - 3)*0. Suppose q = -2*b + 5*b - 30. Let x = 116 + b. What is the units digit of x?
6
Let u = 73 + -68. Suppose -12 = -v - f + 35, 0 = -u*v + f + 235. Suppose -42*k - 725 = -v*k. What is the units digit of k?
5
Suppose 5*z + 495 = -4*r, r = 3*z + 5*r + 297. Let h be ((-6)/(-4))/((z/12)/(-11)). What is the units digit of 42/12 + h/4?
4
Suppose 0 = -290*v + 285*v + 13639 + 25166. What is the units digit of v?
1
Let t(k) = k**3 - 7*k**2 + 45. Let q be t(5). Let n(p) = -11*p**3 + p**2 + 8*p + 46. What is the tens digit of n(q)?
0
Let w = -230 - -404. Let u = 349 + w. Let r = u - 301. What is the tens digit of r?
2
Suppose 3*d + 10 = -2*d. Let w be 457/5 - (d + 24/10). What is the tens digit of (-13 - -17)*w/4?
9
What is the ten thousands digit of 560/112 + 31118/2?
1
Let r = -52 + 52. Suppose 26*i - 21*i = r. Suppose i = 2*d + 3*f - 6*f - 283, 5*f = 5*d - 720. What is the units digit of d?
9
Suppose -50048 = -35*z + 33*z - 4*o, o = -4*z + 100145. What is the ten thousands digit of z?
2
Suppose 0 = 412*y - 358*y - 251586. What is the hundreds digit of y?
6
What is the thousands digit of -4 - (-55540)/16 - (-49)/28?
3
Let d(t) = t**3 - 6*t**2 - 27*t + 24. Let l(i) = -9*i**3 - i. Let g = -44 - -43. Let b be l(g). What is the hundreds digit of d(b)?
1
